 Let k(x) = 3*x - 4. Let c be k(5). Let l = 1 + c. What is the highest common factor of l and i?
12
Let p(q) = 2*q - 3. Let k be p(3). What is the greatest common divisor of 96 and k?
3
Suppose 11*t = 5*t. Suppose m = -2*z + 3 - 1, -4*m + 2*z + 28 = t. Calculate the greatest common factor of m and 4.
2
Suppose 5*d = -2*x + 182, 2*x + 3*x = 5*d + 385. Calculate the highest common factor of x and 54.
27
Let n = -6 - -42. What is the greatest common divisor of n and 9?
9
Let n = -7 + 5. Let o(w) = -w - 2 + w - 6*w - w. Let p be o(n). Calculate the highest common factor of 30 and p.
6
Suppose 0 = -5*p - 4*a + 43, -6*a + 4*a = 3*p - 27. Calculate the highest common divisor of p and 110.
11
Let v = 17 - 9. Suppose -v*l + 770 = -l. Let i = 4 + 6. What is the greatest common factor of i and l?
10
Let f be (-6 - -2)*(-62)/8. Let g be (-2289)/(-15) - 2 - 4/(-10). Suppose 159 = 5*n + y, g = 5*n - y - 0*y. What is the greatest common factor of f and n?
31
Suppose 23*k + 175 = 30*k. Let d be 6/(-15) - (-344)/10. Suppose 4*f = 5*n + 35, -3*f - 4*n + 0 = -d. What is the greatest common factor of f and k?
5
Let o = 0 - 7. Let f be (-3 - 3)/2 - o. Let j be (-118)/(-3) + f/6. Calculate the highest common factor of j and 100.
20
Let p be (-6)/39 - (-54)/13. Suppose p*n - 103 - 53 = 0. Calculate the highest common divisor of n and 117.
39
Suppose 3*n = 5*n + 6. Let a = 3 + n. Suppose a = 2*c - 381 + 95. What is the highest common divisor of 13 and c?
13
Let p(i) = -i**3 - 5*i**2 - 7*i - 8. Let z be p(-4). Let t(w) = 27*w + 8. Let g be t(z). Suppose -v - 87 = -4*v. What is the highest common factor of g and v?
29
Suppose 3*d = -4*v + 111, 4*v - 185 = -5*d + 5*v. Calculate the highest common divisor of 1369 and d.
37
Let t(k) = 24*k - 5. Let z = -3 + 6. Let d be t(z). Suppose 5*r + d = 197. Calculate the greatest common divisor of r and 234.
26
Suppose 185 = 4*g + p, -2*g + 85 = 5*p - 6*p. Calculate the highest common divisor of 675 and g.
45
Suppose 0*k + 5*w = 3*k - 1604, -5*k + 2656 = -4*w. Calculate the highest common factor of k and 33.
33
Suppose -16*h + 28*h - 1368 = 0. Calculate the highest common factor of h and 304.
38
Let m(p) = -2*p + 21. Let u be m(8). Let q = -5 - -30. Let h = q + -15. Calculate the highest common divisor of h and u.
5
Suppose 0 = -4*w - w + 150. Let x be (8/(-10))/(80/(-24000)). Calculate the highest common factor of x and w.
30
Let q be (-327)/(-9) - 58/174. Let m = -85 - -157. What is the highest common divisor of q and m?
36
Let x = -100 - -154. Calculate the greatest common factor of 594 and x.
54
Let f(a) = a. Let d(r) = -r**2 - 1 - r + 2 + 0*r - r**3. Let c(x) = -d(x) - 2*f(x). Let j be c(2). What is the greatest common factor of 1 and j?
1
Let h(j) = -2*j**3 - 28*j**2 - 2*j - 24. Let k be h(-14). Suppose -2 - 2 = -q. Calculate the greatest common divisor of q and k.
4
Suppose 5*b - 1300 = -3*w, 0 = -4*b - 2*w - 3*w + 1040. Calculate the highest common factor of b and 80.
20
Let v = 699 + -444. Calculate the greatest common divisor of 5 and v.
5
Suppose 4*z = -2*v + 106, 11*v + 5*z = 13*v - 88. What is the greatest common divisor of 14 and v?
7
Let z = 802 + -704. What is the highest common divisor of z and 35?
7
Let i(k) be the first derivative of k**4/4 + 5*k**3 - 39*k**2/2 - 31*k - 6. Let d be i(-17). Calculate the highest common divisor of d and 135.
27
Suppose 102 = 321*f - 315*f. Calculate the highest common divisor of f and 85.
17
Let l(i) = 11*i + 18. Let p be l(0). What is the highest common divisor of p and 63?
9
Suppose -123*j + 357 = -4*j. Suppose -4 = -b - 1. Let h = 0 + b. Calculate the greatest common factor of j and h.
3
Suppose -w + 29 = -0. What is the highest common divisor of 551 and w?
29
Let z = 14 + -6. Let v be (-4)/3 + 118/(-6). Let x be ((-72)/(-21)*-1)/(3/v). What is the greatest common divisor of z and x?
8
Suppose 6*t + 5 = 5*t. Let h be (-8)/t - (-27)/(-45). Let n be 1 + 16/h + 1. What is the greatest common factor of n and 18?
18
Let k(l) = 6*l**2 + 31*l + 11. Let f be k(-7). Let h = -4 - -6. Suppose 13 + 9 = h*x. Calculate the highest common divisor of x and f.
11
Suppose 3*f = 9*f - 114. Let u = -9 + 13. Suppose u*x = s + 839, -5*x = -4*s + s - 1054. What is the highest common divisor of x and f?
19
Let q = -1258 + 1270. What is the highest common divisor of 948 and q?
12
Let c be (-8)/(-32) + 30/8. Suppose -288 = -8*j + c*j. Suppose 59 = 7*h + 3. What is the greatest common divisor of j and h?
8
Let k(y) = -y**2 - 4*y + 1. Let z be k(-11). Let p = 476 + z. Suppose -140 - p = -5*j. Calculate the highest common factor of j and 12.
12
Suppose 0 = 2*u - 273 + 53. Suppose -5*k - 113 = -4*t, k = -t + 2*k + 27. What is the highest common factor of u and t?
22
Let c = 32 + -18. Suppose -19*r + c*r + 155 = 0. Calculate the highest common factor of r and 341.
31
Let h(y) = -10*y**3 + y**2 + y - 2. Let z be h(-2). What is the highest common divisor of z and 544?
16
Suppose o + 309 = 4*t, 28*t = 25*t + 5*o + 236. What is the greatest common factor of 11 and t?
11
Let j = -78 - -56. Let v = 12 - j. What is the greatest common divisor of 17 and v?
17
Let c be ((-8)/24*19)/(2/(-12)). Calculate the greatest common factor of c and 10.
2
Suppose -5*b - i = -1650, 0 = -3*b - 4*i + 619 + 371. What is the highest common factor of 60 and b?
30
Suppose 623 = -5*d - 2*j + j, d - 2*j = -129. Let r = 141 + d. What is the highest common divisor of r and 368?
16
Suppose 2*g - 54 = 4*t + g, 64 = -4*t - 4*g. Suppose i + 3*x - 7 = 5, 32 = 2*i + 4*x. Let f = i + t. Calculate the highest common divisor of 4 and f.
2
Let c = 62 - 59. Suppose -32 = -2*i - c*z - z, -3*i - 3*z = -42. What is the greatest common divisor of i and 48?
12
Let c = 14 - 11. Suppose -z = 4*y + 2 - 9, 5*z + c = -y. Let k(t) = 87*t + 2. Let m be k(y). What is the greatest common factor of m and 16?
16
Suppose 38*b - 34*b = 832. Calculate the highest common factor of b and 8.
8
Let h = 68 - 45. Suppose 0 + 60 = -4*p. Let l be (-2064)/p + 2/5. What is the highest common divisor of h and l?
23
Suppose 0 = 10*y - 9*y - 2. Suppose -y*a = 6*a - 88. Calculate the highest common factor of 187 and a.
11
Let w be 10108/126 - (-4)/(-18). What is the greatest common divisor of 112 and w?
16
Suppose 11*s - 13*s = -48. What is the greatest common divisor of s and 6?
6
Let q = -58 - -82. What is the highest common factor of 60 and q?
12
Let i = -30 - -43. Let n be (1 + i/2)*18. What is the greatest common divisor of 27 and n?
27
Let i = 938 - 842. Calculate the highest common divisor of i and 24.
24
Suppose -339 = -13*a + 3873. What is the highest common divisor of a and 8?
4
Suppose -6*u + l - 309 = -8*u, 5*u - 780 = -5*l. Calculate the greatest common factor of 255 and u.
51
Let q(d) = d**3 - 6*d**2 - 11*d + 2. Suppose 2*c + 3*s - 13 = 0, 0*c - 2*s + 22 = 3*c. Let f be q(c). What is the highest common divisor of f and 6?
6
Suppose -5*y = 0, y = s - 0*y - 1. Suppose -2*v + 6 = -10. What is the greatest common factor of v and s?
1
Let m(y) = -28*y + 62. Let v be m(2). Calculate the greatest common divisor of 756 and v.
6
Let o be 1695/45 + 10/(-6). What is the highest common divisor of o and 16?
4
Let a = 1801 + -1385. What is the highest common divisor of a and 78?
26
Let g(o) = 2*o + 27. Let z be g(-11). Let b(f) = -5*f + 14. Let w be b(z). Let p be 1 + -1 - 2277/w. Calculate the highest common factor of 23 and p.
23
Let t = -43 + 67. Suppose -t = -5*v + 126. What is the highest common divisor of 45 and v?
15
Let l = -76 + 229. Calculate the greatest common factor of l and 17.
17
Suppose -5*j - 5*r - 155 - 225 = 0, -3*r - 374 = 5*j. Let p = j - -111. Suppose 0 = -h - h + 190. What is the highest common factor of p and h?
19
Let f(z) = z**3 - 7*z**2 + 6*z + 3. Let m = 11 + -6. Suppose 0 = -m*t + 26 + 4. Let d be f(t). What is the greatest common factor of d and 21?
3
Suppose 4*d = 8*d - 128. Suppose -34 = -j - d. Suppose -46 = -j*q + 64. What is the greatest common factor of q and 11?
11
Suppose -5*i + 18 = -3*a, i + 4*i = -5*a + 50. Suppose -2*t - 10 = -4*j + i, -5*t - 10 = -4*j. What is the greatest common divisor of t and 38?
2
Let a = -68 + 75. Calculate the highest common factor of 301 and a.
7
Suppose 16*g = -33*g + 1715. What is the highest common divisor of